{"id":75,"date":"2017-08-28T07:40:19","date_gmt":"2017-08-28T07:40:19","guid":{"rendered":"http:\/\/mermaid4you.de\/?page_id=75"},"modified":"2019-11-25T08:51:39","modified_gmt":"2019-11-25T07:51:39","slug":"mermaid-mermaiding","status":"publish","type":"page","link":"https:\/\/mermaid4you.de\/","title":{"rendered":"Mermaid &#038; Mermaiding"},"content":{"rendered":"\t\t<div data-elementor-type=\"wp-page\" data-elementor-id=\"75\" class=\"elementor elementor-75\">\n\t\t\t\t\t\t<section class=\"elementor-section elementor-top-section elementor-element elementor-element-5557079d elementor-section-boxed elementor-section-height-default elementor-section-height-default\" data-id=\"5557079d\" data-element_type=\"section\">\n\t\t\t\t\t\t<div class=\"elementor-container elementor-column-gap-default\">\n\t\t\t\t\t<div class=\"elementor-column elementor-col-100 elementor-top-column elementor-element elementor-element-5c131547\" data-id=\"5c131547\" data-element_type=\"column\">\n\t\t\t<div class=\"elementor-widget-wrap elementor-element-populated\">\n\t\t\t\t\t\t<div class=\"elementor-element elementor-element-756fec15 elementor-widget elementor-widget-text-editor\" data-id=\"756fec15\" data-element_type=\"widget\" data-widget_type=\"text-editor.default\">\n\t\t\t\t<div class=\"elementor-widget-container\">\n\t\t\t\t\t\t\t\t\t\n<div class=\"wp-block-image\"><figure class=\"aligncenter size-full\"><img fetchpriority=\"high\" decoding=\"async\" width=\"1772\" height=\"1181\" src=\"http:\/\/mermaid4you.de\/wp-content\/uploads\/2017\/11\/Schleierfaeller_Saulgrub_Mermaid4you.jpg\" alt=\"Mermaid4you - Denise Nemec\" class=\"wp-image-102\" srcset=\"https:\/\/mermaid4you.de\/wp-content\/uploads\/2017\/11\/Schleierfaeller_Saulgrub_Mermaid4you.jpg 1772w, https:\/\/mermaid4you.de\/wp-content\/uploads\/2017\/11\/Schleierfaeller_Saulgrub_Mermaid4you-300x200.jpg 300w, https:\/\/mermaid4you.de\/wp-content\/uploads\/2017\/11\/Schleierfaeller_Saulgrub_Mermaid4you-768x512.jpg 768w, https:\/\/mermaid4you.de\/wp-content\/uploads\/2017\/11\/Schleierfaeller_Saulgrub_Mermaid4you-1024x682.jpg 1024w\" sizes=\"(max-width: 1772px) 100vw, 1772px\" \/><\/figure><\/div>\n\t\t\t\t\t\t\t\t<\/div>\n\t\t\t\t<\/div>\n\t\t\t\t\t<\/div>\n\t\t<\/div>\n\t\t\t\t\t<\/div>\n\t\t<\/section>\n\t\t\t\t<section class=\"elementor-section elementor-top-section elementor-element elementor-element-2aff70e elementor-section-boxed elementor-section-height-default elementor-section-height-default\" data-id=\"2aff70e\" data-element_type=\"section\">\n\t\t\t\t\t\t<div class=\"elementor-container elementor-column-gap-default\">\n\t\t\t\t\t<div class=\"elementor-column elementor-col-100 elementor-top-column elementor-element elementor-element-e641d18\" data-id=\"e641d18\" data-element_type=\"column\">\n\t\t\t<div class=\"elementor-widget-wrap elementor-element-populated\">\n\t\t\t\t\t\t<div class=\"elementor-element elementor-element-15855d6 elementor-widget elementor-widget-heading\" data-id=\"15855d6\" data-element_type=\"widget\" data-widget_type=\"heading.default\">\n\t\t\t\t<div class=\"elementor-widget-container\">\n\t\t\t\t\t<h2 class=\"elementor-heading-title elementor-size-xl\">Wenn man als Meerjungfrau abtaucht,<br>taucht man ein in eine magische Welt.<\/h2>\t\t\t\t<\/div>\n\t\t\t\t<\/div>\n\t\t\t\t\t<\/div>\n\t\t<\/div>\n\t\t\t\t\t<\/div>\n\t\t<\/section>\n\t\t\t\t<section class=\"elementor-section elementor-top-section elementor-element elementor-element-e9efc97 elementor-section-boxed elementor-section-height-default elementor-section-height-default\" data-id=\"e9efc97\" data-element_type=\"section\">\n\t\t\t\t\t\t<div class=\"elementor-container elementor-column-gap-default\">\n\t\t\t\t\t<div class=\"elementor-column elementor-col-100 elementor-top-column elementor-element elementor-element-90341f8\" data-id=\"90341f8\" data-element_type=\"column\">\n\t\t\t<div class=\"elementor-widget-wrap elementor-element-populated\">\n\t\t\t\t\t\t<div class=\"elementor-element elementor-element-e8584b1 elementor-widget elementor-widget-text-editor\" data-id=\"e8584b1\" data-element_type=\"widget\" data-widget_type=\"text-editor.default\">\n\t\t\t\t<div class=\"elementor-widget-container\">\n\t\t\t\t\t\t\t\t\t<p>Unterwasser wird der Alltag leiser und tritt in den Hintergrund,<br>dazu ist man nahezu schwerelos.<\/p>\n<p>Man kann seiner Fantasie freien Lauf lassen.<\/p><p><br><\/p>\t\t\t\t\t\t\t\t<\/div>\n\t\t\t\t<\/div>\n\t\t\t\t\t<\/div>\n\t\t<\/div>\n\t\t\t\t\t<\/div>\n\t\t<\/section>\n\t\t\t\t<section class=\"elementor-section elementor-top-section elementor-element elementor-element-4d0507f elementor-section-boxed elementor-section-height-default elementor-section-height-default\" data-id=\"4d0507f\" data-element_type=\"section\">\n\t\t\t\t\t\t<div class=\"elementor-container elementor-column-gap-default\">\n\t\t\t\t\t<div class=\"elementor-column elementor-col-100 elementor-top-column elementor-element elementor-element-1e4a8a9\" data-id=\"1e4a8a9\" data-element_type=\"column\">\n\t\t\t<div class=\"elementor-widget-wrap elementor-element-populated\">\n\t\t\t\t\t\t<div class=\"elementor-element elementor-element-d6f83a7 elementor-widget elementor-widget-heading\" data-id=\"d6f83a7\" data-element_type=\"widget\" data-widget_type=\"heading.default\">\n\t\t\t\t<div class=\"elementor-widget-container\">\n\t\t\t\t\t<h4 class=\"elementor-heading-title elementor-size-default\">Aber was ist das sogenannte \u201eMermaiding\u201c eigentlich?<\/h4>\t\t\t\t<\/div>\n\t\t\t\t<\/div>\n\t\t\t\t\t<\/div>\n\t\t<\/div>\n\t\t\t\t\t<\/div>\n\t\t<\/section>\n\t\t\t\t<section class=\"elementor-section elementor-top-section elementor-element elementor-element-ed89364 elementor-section-boxed elementor-section-height-default elementor-section-height-default\" data-id=\"ed89364\" data-element_type=\"section\">\n\t\t\t\t\t\t<div class=\"elementor-container elementor-column-gap-default\">\n\t\t\t\t\t<div class=\"elementor-column elementor-col-100 elementor-top-column elementor-element elementor-element-701ebb2\" data-id=\"701ebb2\" data-element_type=\"column\">\n\t\t\t<div class=\"elementor-widget-wrap elementor-element-populated\">\n\t\t\t\t\t\t<div class=\"elementor-element elementor-element-5f70c08 elementor-absolute elementor-hidden-tablet elementor-hidden-phone elementor-widget elementor-widget-image\" data-id=\"5f70c08\" data-element_type=\"widget\" data-settings=\"{&quot;_position&quot;:&quot;absolute&quot;}\" data-widget_type=\"image.default\">\n\t\t\t\t<div class=\"elementor-widget-container\">\n\t\t\t\t\t\t\t\t\t\t\t\t\t\t\t<img decoding=\"async\" width=\"168\" height=\"300\" src=\"https:\/\/mermaid4you.de\/wp-content\/uploads\/2019\/11\/Pflanze_08-168x300.png\" class=\"attachment-medium size-medium wp-image-193\" alt=\"Mermaid4you - Denise\" srcset=\"http:\/\/mermaid4you.de\/wp-content\/uploads\/2019\/11\/Pflanze_08-168x300.png 168w, http:\/\/mermaid4you.de\/wp-content\/uploads\/2019\/11\/Pflanze_08.png 280w\" sizes=\"(max-width: 168px) 100vw, 168px\" \/>\t\t\t\t\t\t\t\t\t\t\t\t\t\t\t<\/div>\n\t\t\t\t<\/div>\n\t\t\t\t<div class=\"elementor-element elementor-element-63336e5 elementor-widget elementor-widget-text-editor\" data-id=\"63336e5\" data-element_type=\"widget\" data-widget_type=\"text-editor.default\">\n\t\t\t\t<div class=\"elementor-widget-container\">\n\t\t\t\t\t\t\t\t\t<p>Es ist ein Mix aus Monoflossen-Schwimmen und Freediving,<br \/>nur dass die Monofin in einem Meerjungfrauenkost\u00fcm aus Stoff,<br \/>Neopren oder Silikon eingearbeitet ist.<\/p>\t\t\t\t\t\t\t\t<\/div>\n\t\t\t\t<\/div>\n\t\t\t\t\t<\/div>\n\t\t<\/div>\n\t\t\t\t\t<\/div>\n\t\t<\/section>\n\t\t\t\t<section class=\"elementor-section elementor-top-section elementor-element elementor-element-9a886b7 elementor-section-boxed elementor-section-height-default elementor-section-height-default\" data-id=\"9a886b7\" data-element_type=\"section\">\n\t\t\t\t\t\t<div class=\"elementor-container elementor-column-gap-default\">\n\t\t\t\t\t<div class=\"elementor-column elementor-col-100 elementor-top-column elementor-element elementor-element-7cc1b7f\" data-id=\"7cc1b7f\" data-element_type=\"column\">\n\t\t\t<div class=\"elementor-widget-wrap elementor-element-populated\">\n\t\t\t\t\t\t<div class=\"elementor-element elementor-element-2021e2c elementor-widget elementor-widget-text-editor\" data-id=\"2021e2c\" data-element_type=\"widget\" data-widget_type=\"text-editor.default\">\n\t\t\t\t<div class=\"elementor-widget-container\">\n\t\t\t\t\t\t\t\t\t<p>Man bewegt sich mit dem \u201eDolphin kick\u201c vorw\u00e4rts, der die St\u00fctz-,<br \/>R\u00fccken- und Rumpfmuskulatur, sowie Ges\u00e4\u00df- Lenden- und<br \/>Oberschenkelmuskulatur beansprucht.<\/p>\t\t\t\t\t\t\t\t<\/div>\n\t\t\t\t<\/div>\n\t\t\t\t\t<\/div>\n\t\t<\/div>\n\t\t\t\t\t<\/div>\n\t\t<\/section>\n\t\t\t\t<section class=\"elementor-section elementor-top-section elementor-element elementor-element-6f5dbd8 elementor-section-boxed elementor-section-height-default elementor-section-height-default\" data-id=\"6f5dbd8\" data-element_type=\"section\">\n\t\t\t\t\t\t<div class=\"elementor-container elementor-column-gap-default\">\n\t\t\t\t\t<div class=\"elementor-column elementor-col-100 elementor-top-column elementor-element elementor-element-2b5da86\" data-id=\"2b5da86\" data-element_type=\"column\">\n\t\t\t<div class=\"elementor-widget-wrap elementor-element-populated\">\n\t\t\t\t\t\t<div class=\"elementor-element elementor-element-f366282 elementor-widget elementor-widget-text-editor\" data-id=\"f366282\" data-element_type=\"widget\" data-widget_type=\"text-editor.default\">\n\t\t\t\t<div class=\"elementor-widget-container\">\n\t\t\t\t\t\t\t\t\t<p>Es ist also ein tolles Muskeltraining, wenn man den \u201eDolphin kick\u201c<br \/>richtig ausf\u00fchrt. Zudem besteht \u201eMermaiding\u201c auch aus modeln<br \/>unter und \u00fcber Wasser.<\/p>\t\t\t\t\t\t\t\t<\/div>\n\t\t\t\t<\/div>\n\t\t\t\t\t<\/div>\n\t\t<\/div>\n\t\t\t\t\t<\/div>\n\t\t<\/section>\n\t\t\t\t<section class=\"elementor-section elementor-top-section elementor-element elementor-element-d224198 elementor-section-boxed elementor-section-height-default elementor-section-height-default\" data-id=\"d224198\" data-element_type=\"section\">\n\t\t\t\t\t\t<div class=\"elementor-container elementor-column-gap-default\">\n\t\t\t\t\t<div class=\"elementor-column elementor-col-100 elementor-top-column elementor-element elementor-element-bf85c29\" data-id=\"bf85c29\" data-element_type=\"column\">\n\t\t\t<div class=\"elementor-widget-wrap elementor-element-populated\">\n\t\t\t\t\t\t<div class=\"elementor-element elementor-element-a5c2931 elementor-widget elementor-widget-text-editor\" data-id=\"a5c2931\" data-element_type=\"widget\" data-widget_type=\"text-editor.default\">\n\t\t\t\t<div class=\"elementor-widget-container\">\n\t\t\t\t\t\t\t\t\t<p>Synchronschwimmen kann auch ein Teil davon sein, wenn man in<br \/>einer Gruppe ist. Als Meerjungfrau ist man aber auch Entertainer und<br \/>das ist mein Lieblingspart, wenn die Kinder <em>(und auch Erwachsene)<\/em><br \/>einen anschauen und pl\u00f6tzlich etwas Magie Realit\u00e4t wird.<\/p>\t\t\t\t\t\t\t\t<\/div>\n\t\t\t\t<\/div>\n\t\t\t\t\t<\/div>\n\t\t<\/div>\n\t\t\t\t\t<\/div>\n\t\t<\/section>\n\t\t\t\t<section class=\"elementor-section elementor-top-section elementor-element elementor-element-ea75c8a elementor-section-boxed elementor-section-height-default elementor-section-height-default\" data-id=\"ea75c8a\" data-element_type=\"section\">\n\t\t\t\t\t\t<div class=\"elementor-container elementor-column-gap-default\">\n\t\t\t\t\t<div class=\"elementor-column elementor-col-100 elementor-top-column elementor-element elementor-element-99ef5b4\" data-id=\"99ef5b4\" data-element_type=\"column\">\n\t\t\t<div class=\"elementor-widget-wrap elementor-element-populated\">\n\t\t\t\t\t\t<div class=\"elementor-element elementor-element-48bc890 elementor-widget elementor-widget-image\" data-id=\"48bc890\" data-element_type=\"widget\" data-widget_type=\"image.default\">\n\t\t\t\t<div class=\"elementor-widget-container\">\n\t\t\t\t\t\t\t\t\t\t\t\t\t\t\t<img decoding=\"async\" width=\"300\" height=\"197\" src=\"https:\/\/mermaid4you.de\/wp-content\/uploads\/2019\/11\/Hummer_01-300x197.png\" class=\"attachment-medium size-medium wp-image-180\" alt=\"Mermaid4you - Denise\" srcset=\"http:\/\/mermaid4you.de\/wp-content\/uploads\/2019\/11\/Hummer_01-300x197.png 300w, http:\/\/mermaid4you.de\/wp-content\/uploads\/2019\/11\/Hummer_01.png 500w\" sizes=\"(max-width: 300px) 100vw, 300px\" \/>\t\t\t\t\t\t\t\t\t\t\t\t\t\t\t<\/div>\n\t\t\t\t<\/div>\n\t\t\t\t\t<\/div>\n\t\t<\/div>\n\t\t\t\t\t<\/div>\n\t\t<\/section>\n\t\t\t\t<\/div>\n\t\t","protected":false},"excerpt":{"rendered":"<p>Wenn man als Meerjungfrau abtaucht,taucht man ein in eine magische Welt. Unterwasser wird der Alltag leiser und tritt in den Hintergrund,dazu ist man nahezu schwerelos. Man kann seiner Fantasie freien Lauf lassen. Aber was ist das sogenannte \u201eMermaiding\u201c eigentlich? Es ist ein Mix aus Monoflossen-Schwimmen und Freediving,nur dass die Monofin in einem Meerjungfrauenkost\u00fcm aus Stoff,Neopren oder Silikon eingearbeitet ist. Man bewegt sich mit dem \u201eDolphin kick\u201c vorw\u00e4rts, der die St\u00fctz-,R\u00fccken- und Rumpfmuskulatur, sowie Ges\u00e4\u00df- Lenden- undOberschenkelmuskulatur beansprucht. Es ist also ein tolles Muskeltraining, wenn man den \u201eDolphin kick\u201crichtig ausf\u00fchrt. Zudem besteht \u201eMermaiding\u201c auch aus modelnunter und \u00fcber Wasser. Synchronschwimmen kann auch ein Teil davon sein, wenn man ineiner Gruppe ist. Als Meerjungfrau ist man aber auch Entertainer unddas ist mein Lieblingspart, wenn die Kinder (und auch Erwachsene)einen anschauen und pl\u00f6tzlich etwas Magie Realit\u00e4t wird.<\/p>\n","protected":false},"author":1,"featured_media":0,"parent":0,"menu_order":0,"comment_status":"closed","ping_status":"closed","template":"","meta":{"footnotes":""},"class_list":["post-75","page","type-page","status-publish","hentry"],"acf":[],"_links":{"self":[{"href":"https:\/\/mermaid4you.de\/index.php?rest_route=\/wp\/v2\/pages\/75","targetHints":{"allow":["GET"]}}],"collection":[{"href":"https:\/\/mermaid4you.de\/index.php?rest_route=\/wp\/v2\/pages"}],"about":[{"href":"https:\/\/mermaid4you.de\/index.php?rest_route=\/wp\/v2\/types\/page"}],"author":[{"embeddable":true,"href":"https:\/\/mermaid4you.de\/index.php?rest_route=\/wp\/v2\/users\/1"}],"replies":[{"embeddable":true,"href":"https:\/\/mermaid4you.de\/index.php?rest_route=%2Fwp%2Fv2%2Fcomments&post=75"}],"version-history":[{"count":34,"href":"https:\/\/mermaid4you.de\/index.php?rest_route=\/wp\/v2\/pages\/75\/revisions"}],"predecessor-version":[{"id":295,"href":"https:\/\/mermaid4you.de\/index.php?rest_route=\/wp\/v2\/pages\/75\/revisions\/295"}],"wp:attachment":[{"href":"https:\/\/mermaid4you.de\/index.php?rest_route=%2Fwp%2Fv2%2Fmedia&parent=75"}],"curies":[{"name":"wp","href":"https:\/\/api.w.org\/{rel}","templated":true}]}}